 = -6*f + 5*g, -14 = 4*f + 2*g. Calculate b(f).
5
Let d(r) be the second derivative of 7*r**3/6 - 15*r**2 + 2763*r. What is d(6)?
12
Let b(v) = v**3 + 8*v**2 + 4*v + 98. Let p be b(-9). Let w(u) = -u**3 - 21*u**2 - 39*u - 27. Give w(p).
-8
Let f(z) = 60*z**2 - 6 - 11*z + z**3 + 61*z**2 - 133*z**2 + 19. Let s(c) = c**2 - c. Let d(j) = f(j) + s(j). Give d(12).
13
Let k(y) = -2*y**2 + 9*y - 6. Let n(c) = c**3 - 5. Let s be n(0). Let i(r) = -r**2 + 4*r - 3. Let g = 180 + -177. Let a(x) = g*k(x) + s*i(x). Give a(6).
3
Suppose 0 = -o + 2*d - 6*d - 4, 2*d = -o - 6. Let r = -387 - -676. Let s(u) = u**2 + r*u + 2 - 8 - 281*u. Calculate s(o).
-6
Suppose 5*x + 11 = -3*o, o - 2*x - 7 - 4 = 0. Suppose -4*a - 4*q - 16 = -2*q, 2*a + 4 = -o*q. Let g(m) = m**3 + 4*m**2 - m + 7. What is g(a)?
-13
Let i(m) = 4*m + 1. Let k be 0/(-2) + ((-165)/(-5))/11. Suppose -2 = -4*g + 6. Suppose k = -b + g. Calculate i(b).
-3
Let x(u) = -u**3 + 11*u**2 - 8*u - 18. Suppose -929*f + 931*f = 550. Let z be -3*(8/(-10))/(66/f). What is x(z)?
2
Let o(w) be the second derivative of -w**3 - 2 + 3/2*w**2 + 1/12*w**4 + 38*w. What is o(4)?
-5
Let h(z) = -7*z - 6. Let c(g) = -7*g - 5. Suppose -4*i - 57 + 37 = 0. Let b(m) = i*c(m) + 4*h(m). Determine b(-2).
-13
Let p(m) = 3*m + 1. Let q = -21 + 20. Let y(f) = 14*f - 2. Let s(g) = q*y(g) + 4*p(g). Let d be (1 - -7) + (1 - 4). Calculate s(d).
-4
Let y = -87 + 91. Let j(o) = o - 2. Let h be j(y). Let k(w) = 34*w**2 + 26*w**2 - 80*w**h. What is k(-1)?
-20
Let j(w) be the first derivative of w**4/4 - 13*w**3/3 + w**2/2 - 3*w + 106840. Let i be (-1 - -14)*(0 - -1). Give j(i).
10
Suppose 0 = -5*v + 4*v + 5*j - 2, 2*v + 4*j - 38 = 0. Let n(z) = -v*z**2 + 24*z**2 - z**3 + 5*z - 15*z**2. Calculate n(-5).
0
Let z(c) = 3*c**2 + 3*c + 18. Let n be (-6)/4 + 11/2. Let r(s) = -2*s**2 - 2*s - 17. Let v(m) = n*r(m) + 3*z(m). Let o be (-19 - -15) + 5/(5/4). Give v(o).
-14
Let q be (-2 + 65/(-5))/(1/(-5)). Suppose 7*v + q = 22*v. Let y(n) = -n + 6. Determine y(v).
1
Let h(i) be the third derivative of i**5/60 + 5*i**4/24 + i**3/2 - 116479*i**2. Suppose -3*u - 15 = 2*u. Determine h(u).
-3
Let x(w) = 21*w**2 + 58*w + 3. Let t(h) = 13*h**2 + 37*h + 2. Let n(o) = 8*t(o) - 5*x(o). Determine n(0).
1
Let l(f) = f - f**3 + 3*f**3 - 8*f**3 - 3*f**3 + 1. Let h(j) = -j**2 + 28*j + 7. Let u be h(28). Suppose 3 = -4*n + u, 2*b = -3*n + 1. What is l(b)?
9
Suppose -16 = 16*k - 96. Suppose -k*l + 15 = -5*p, 7 = 3*l + p - 5*p. Let o(n) = n**2 - 4*n + 1. What is o(l)?
6
Suppose 0 = 3*f - 267 - 180. Suppose f*n = 157*n + 48. Let h(z) = 15*z + 3 - 9 - 18*z. What is h(n)?
12
Let s(u) = u**2 - 42*u - 1076. Let i be s(-18). Let n(x) = x**3 - x**2 - x - 9. Calculate n(i).
35
Suppose 26*c + 93*c = 833. Let l(g) be the third derivative of 0*g**3 - c*g**2 + 0*g - 1/3*g**4 + 0. Calculate l(-1).
8
Suppose -4 = -3*i - 1, -3*h = 2*i - 5. Let r(l) = 492 - 492 - 6*l. Give r(h).
-6
Let a(q) = 2*q - 5. Let l(x) = -x**3 + 8*x**2 - 8*x + 7. Let m be l(7). Suppose -4*h = -5*t - 35, m = 5*h - 0*h + t - 22. Suppose 15 = -h*u + 2*u. Give a(u).
-15
Let k(b) be the second derivative of -b**5/20 - 3*b**4/4 - 4*b**3/3 + 7*b**2/2 + 24*b - 3. Suppose -5*d - 45 = 5*s, -4*s + d + 41 = -9*s. Calculate k(s).
7
Let y(r) = -20 + 16 + 13 - 2*r**2 - 3*r**2 - 4*r**3 + 10*r. Let p(k) = -k**3 + k**2. Let x(f) = 3*p(f) - y(f). Calculate x(-9).
0
Let f(s) = -11*s + 23. Let z(g) = -5*g + 12. Let b(v) = -4*f(v) + 9*z(v). Let k be b(9). Let c be (0 - -9)/(k/(-2) - -2). Let j(l) = -2*l - 5. Determine j(c).
7
Let r(t) = -9*t**3 + 8*t**2 + 3*t - 36. Let p(h) = 11*h**3 - 6*h**2 - 4*h + 35. Let b(g) = 5*p(g) + 6*r(g). What is b(-18)?
-5
Let p(h) = -18*h - 11 - 10 + 20 - 14 + 10. What is p(-4)?
67
Let b = 27 - 25. Let t(r) be the third derivative of -r**5/30 + 2*r**2 + 83*r. What is t(b)?
-8
Suppose 27*b - 5*b = -14*b + 7*b. Let m(x) = -x**2 - 3*x - 23. What is m(b)?
-23
Let g(h) = 2*h**3 + 49*h**2 + 32*h - 96. Let p(n) = -3*n**3 - 73*n**2 - 51*n + 144. Let w(u) = 8*g(u) + 5*p(u). Calculate w(-27).
-75
Let u(h) = h**2 + 26*h + 20. Let t = 32381 + -32403. What is u(t)?
-68
Suppose -4*a + 27 = -5*m, 9*a = 6*a + 2*m + 8. Let y(d) = -2*d + 5. Give y(a).
9
Let v(y) be the second derivative of 0*y**2 + 0 + 1/6*y**3 + 544*y. Let o = 12 - 8. Calculate v(o).
4
Suppose 8 = 5*b - 2. Suppose 0 = -z - 0*z + b*j + 1, -4*z - 5*j = -30. Let y be (z + -10 - -9) + -5. Let q(l) = 4*l**2 - l. Calculate q(y).
5
Let l(z) be the first derivative of -z**3/3 - 13*z**2/2 + 160*z - 10872. What is l(8)?
-8
Let c = 11708 + -11715. Let w(v) = v**2 + 2*v - 14. Determine w(c).
21
Let t(k) = 6*k**2 - 5*k - 2. Let z(y) = 7*y**2 - 6*y - 2. Let x(n) = 6*t(n) - 5*z(n). Let p = -530 - -525. What is x(p)?
23
Let w(g) = 0*g + 4*g + 0*g - 3*g. Let q be (5/(-1) - 12/(8 - 2))*1. Calculate w(q).
-7
Let b(p) be the third derivative of -5*p**4/8 + p**3 + 2*p**2 + 2806*p. Determine b(2).
-24
Let x(g) be the third derivative of g**8/6720 - g**7/360 + g**6/360 + 19*g**5/12 + 110*g**2. Let q(v) be the third derivative of x(v). Calculate q(4).
-6
Suppose -39 = -6*v + 69. Let x = v + -12. Suppose -x*f = 2*f. Let j(w) = w**3 - w**2 - w + 2. Give j(f).
2
Let z(a) be the second derivative of -4*a**3/3 - a**2/2 + 3*a. Suppose 0 = d + 4, 4*d - 193 = 3*p - d. Let q = p + 72. Determine z(q).
-9
Let y be 3 - 8 - (0 - -3)/3. Let x be 168/(-126)*(y - 0). Let z(k) = k**2 - 8*k + 2. Determine z(x).
2
Let q(c) be the first derivative of 4*c**3/3 - 3*c**2 - 4*c + 3499. Determine q(3).
14
Let x(n) be the first derivative of -1/3*n**3 + 5/4*n**4 + 0*n**2 + 0*n - 162. Give x(-2).
-44
Suppose -20*n = -26*n - 24. Let w(h) = 11*h + 4. Let b(t) = -14*t - 5. Let l(x) = n*b(x) - 5*w(x). Determine l(10).
10
Let w = -97 + 100. Let h(m) = -11*m + 2 + 0*m - 2*m**3 + m + 7*m + 3*m**w. Determine h(-3).
-16
Let x = -32 - -50. Suppose -6*t + x = b - t, 5*b - 5*t - 30 = 0. Let s(r) = 2*r**2 - 15*r - 5. Let g be s(b). Let k(z) = -z**3 + 3*z**2 - z + 4. Determine k(g).
1
Let s(j) = -14*j - 23. Let u = -483 + 481. Let w be s(u). Let y(k) = -k**2 + k + 6. What is y(w)?
-14
Let f(o) = -3*o + 15. Suppose 5*p + 13 - 15 = 28. What is f(p)?
-3
Suppose 1 - 11 = -2*i. Let r(c) = -17*c**3 + 61*c**2 + 35*c - 5. Let f(u) = -10*u**3 + 36*u**2 + 21*u - 3. Let m(q) = -12*f(q) + 7*r(q). Determine m(i).
-34
Let b(j) = -j**2 - 11*j - 13. Suppose 2*y - 2*u + 7*u - 12 = 0, -4*y + 4*u = -24. Suppose 3*c + 8*h = y*h - 38, -2*c + 2*h - 12 = 0. Calculate b(c).
-3
Let h(i) = -4*i**2 - 17*i - 8. Let q be h(-3). Let p(m) = 1. Let t(c) = c - 4. Let j(y) = -3*p(y) - t(y). What is j(q)?
-6
Let y(f) = -f + 79*f**2 + 4*f + 85*f**2 - 165*f**2 - 7 + 2*f. Let i(k) = k**3 - 10*k**2 + 9*k + 6. Let d be i(9). Give y(d).
-13
Let w(v) be the first derivative of -1/60*v**5 - 1/3*v**4 - 6*v**2 - 22 + 11/6*v**3 + 0*v. Let c(o) be the second derivative of w(o). What is c(-9)?
2
Let h(c) = 0*c**2 - 9*c - 5 + 3 - 8*c**2 - c**3 + 6. Suppose 6*d + 63 = 21. Calculate h(d).
18
Let n(g) be the first derivative of -g**5/20 + 11*g**4/12 + 2*g**3 - 17*g**2/2 + 50*g + 6. Let j(k) be the first derivative of n(k). What is j(12)?
-17
Suppose -q - 5*k = -7, 9*q - 7 = 8*q - 3*k. Let b(c) = c**3 - 8*c**2 + 9*c - 17. Let o be b(q). Let y(f) = -3*f + 1. Give y(o).
10
Let x(m) = 5*m**2 - 2*m - 2. Let b(q) be the third derivative of -q**5/60 - q**4/24 - 2*q**2 + 21*q. Let v(y) = -5*b(y) + x(y). Determine v(2).
44
Let v(z) = 6*z - 8. Let i(q) = -11*q + 15. Let c(a) = 4*i(a) + 7*v(a). Suppose 0 = 5*o + 228 - 173. Let x = -8 - o. Give c(x).
-2
Let d(h) = 10548*h - 7*h**3 - h**2 - 10543*h + 2*h**2 - 5 - 2*h**3. What is d(2)?
-63
Let i(x) = 20*x**2 + 68*x - 2041*x**3 - 2059*x**3 + 4101*x**3 + 13. Give i(-4).
-3
Let h(p) be the second derivative of 1/3*p**3 + 2*p - 2*p**2 - 29. Calculate h(-3).
-10
Let u(i) = -i**3 + i**2 - 5*i + 5. Let z = 3697 - 3694. Calculate u(z).
-28
Let f = -43 + 34. Let o(i) = -2*i - 16. Let l be o(f). Let r(h) = -6*h - 16*h**l + 3*h + 17*h**2. Calculate r(3).
0
Let o(k) = -88*k - 55*k + 3 + 123*k. Determine o(-1).
23
Let d(u) = u - 10. Let f(y) = 18*y - 119. Let q(o) = 7*d(o) - f(o). Determine q(5).
-6
Let p = 13254 - 13261. Let r(t) = -t**2 + 36*t + 299. Determine r(p).
-2
Let i(s) be the second derivative of s**4/4 + 14*s**3/3 - 5*s**2/2 + 1314*s